{"id":2338,"date":"2020-01-11T22:05:58","date_gmt":"2020-01-11T21:05:58","guid":{"rendered":"http:\/\/www.sakristanen-zh-sh.ch\/wordpress\/?post_type=tribe_events&#038;p=2338"},"modified":"2020-03-17T11:35:13","modified_gmt":"2020-03-17T10:35:13","slug":"praesides-und-praesidentenkonferenz-2020","status":"publish","type":"tribe_events","link":"https:\/\/www.sakristanen-zh-sh.ch\/wordpress\/?tribe_events=praesides-und-praesidentenkonferenz-2020","title":{"rendered":"Pr\u00e4sides- und Pr\u00e4sidentenkonferenz 2020"},"content":{"rendered":"<p>Die Pr\u00e4sides- und Pr\u00e4sidentenkonferenz in Luzern musste leider aufgrund der ausserordentlichen Lage rund um CoVid-19 abgesagt werden. Er wird nicht wiederholt.<\/p>\n","protected":false},"excerpt":{"rendered":"<p>Die Pr\u00e4sides- und Pr\u00e4sidentenkonferenz in Luzern musste leider aufgrund der ausserordentlichen Lage rund um CoVid-19 abgesagt werden. Er wird nicht wiederholt.<\/p>\n","protected":false},"author":1,"featured_media":0,"comment_status":"closed","ping_status":"closed","template":"","meta":{"_tribe_events_status":"","_tribe_events_status_reason":"","footnotes":""},"tags":[],"tribe_events_cat":[],"class_list":["post-2338","tribe_events","type-tribe_events","status-publish","hentry"],"_links":{"self":[{"href":"https:\/\/www.sakristanen-zh-sh.ch\/wordpress\/index.php?rest_route=\/wp\/v2\/tribe_events\/2338","targetHints":{"allow":["GET"]}}],"collection":[{"href":"https:\/\/www.sakristanen-zh-sh.ch\/wordpress\/index.php?rest_route=\/wp\/v2\/tribe_events"}],"about":[{"href":"https:\/\/www.sakristanen-zh-sh.ch\/wordpress\/index.php?rest_route=\/wp\/v2\/types\/tribe_events"}],"author":[{"embeddable":true,"href":"https:\/\/www.sakristanen-zh-sh.ch\/wordpress\/index.php?rest_route=\/wp\/v2\/users\/1"}],"replies":[{"embeddable":true,"href":"https:\/\/www.sakristanen-zh-sh.ch\/wordpress\/index.php?rest_route=%2Fwp%2Fv2%2Fcomments&post=2338"}],"version-history":[{"count":2,"href":"https:\/\/www.sakristanen-zh-sh.ch\/wordpress\/index.php?rest_route=\/wp\/v2\/tribe_events\/2338\/revisions"}],"predecessor-version":[{"id":2506,"href":"https:\/\/www.sakristanen-zh-sh.ch\/wordpress\/index.php?rest_route=\/wp\/v2\/tribe_events\/2338\/revisions\/2506"}],"wp:attachment":[{"href":"https:\/\/www.sakristanen-zh-sh.ch\/wordpress\/index.php?rest_route=%2Fwp%2Fv2%2Fmedia&parent=2338"}],"wp:term":[{"taxonomy":"post_tag","embeddable":true,"href":"https:\/\/www.sakristanen-zh-sh.ch\/wordpress\/index.php?rest_route=%2Fwp%2Fv2%2Ftags&post=2338"},{"taxonomy":"tribe_events_cat","embeddable":true,"href":"https:\/\/www.sakristanen-zh-sh.ch\/wordpress\/index.php?rest_route=%2Fwp%2Fv2%2Ftribe_events_cat&post=2338"}],"curies":[{"name":"wp","href":"https:\/\/api.w.org\/{rel}","templated":true}]}}

Präsides- und Präsidentenkonferenz 2020

<p>Die Präsides- und Präsidentenkonferenz in Luzern musste leider aufgrund der ausserordentlichen Lage rund um CoVid-19 abgesagt werden. Er wird nicht wiederholt.</p>
