{"id":2598,"date":"2020-12-28T11:47:36","date_gmt":"2020-12-28T10:47:36","guid":{"rendered":"http:\/\/www.sakristanen-zh-sh.ch\/wordpress\/?post_type=tribe_events&#038;p=2598"},"modified":"2022-02-12T12:44:21","modified_gmt":"2022-02-12T11:44:21","slug":"gv-2022","status":"publish","type":"tribe_events","link":"https:\/\/www.sakristanen-zh-sh.ch\/wordpress\/?tribe_events=gv-2022","title":{"rendered":"Generalversammlung 2022"},"content":{"rendered":"<p><b>76. Generalversammlung <\/b><b>der Sakristanenvereinigung Z\u00fcrich &amp; Schaffhausen<\/b><\/p>\n<p><strong>Wichtig:<\/strong> Die 76. Generalversammlung der Sakristanenvereinigung Z\u00fcrich &amp; Schaffhausen wird aufgrund der immer noch aktiven Beschr\u00e4nkungen rund um Covid-19 in schriftlicher Form durchgef\u00fchrt.<\/p>\n<p><strong>Briefversand mit allen Unterlagen: <\/strong>21. Februar 2022<\/p>\n<p><strong>Stichtag Abstimmung (Poststempel):<\/strong> 11. M\u00e4rz 2022<\/p>\n<p>&nbsp;<\/p>\n","protected":false},"excerpt":{"rendered":"<p>76. Generalversammlung der Sakristanenvereinigung Z\u00fcrich &amp; Schaffhausen Wichtig: Die 76. Generalversammlung der Sakristanenvereinigung Z\u00fcrich &amp; Schaffhausen wird aufgrund der immer noch aktiven Beschr\u00e4nkungen rund um Covid-19 in schriftlicher Form durchgef\u00fchrt. &hellip; <a href=\"https:\/\/www.sakristanen-zh-sh.ch\/wordpress\/?tribe_events=gv-2022\" class=\"more-link\"><span class=\"screen-reader-text\">Generalversammlung 2022<\/span> weiterlesen <span class=\"meta-nav\">&rarr;<\/span><\/a><\/p>\n","protected":false},"author":1,"featured_media":0,"comment_status":"closed","ping_status":"closed","template":"","meta":{"_tribe_events_status":"","_tribe_events_status_reason":"","footnotes":""},"tags":[],"tribe_events_cat":[],"class_list":["post-2598","tribe_events","type-tribe_events","status-publish","hentry"],"_links":{"self":[{"href":"https:\/\/www.sakristanen-zh-sh.ch\/wordpress\/index.php?rest_route=\/wp\/v2\/tribe_events\/2598","targetHints":{"allow":["GET"]}}],"collection":[{"href":"https:\/\/www.sakristanen-zh-sh.ch\/wordpress\/index.php?rest_route=\/wp\/v2\/tribe_events"}],"about":[{"href":"https:\/\/www.sakristanen-zh-sh.ch\/wordpress\/index.php?rest_route=\/wp\/v2\/types\/tribe_events"}],"author":[{"embeddable":true,"href":"https:\/\/www.sakristanen-zh-sh.ch\/wordpress\/index.php?rest_route=\/wp\/v2\/users\/1"}],"replies":[{"embeddable":true,"href":"https:\/\/www.sakristanen-zh-sh.ch\/wordpress\/index.php?rest_route=%2Fwp%2Fv2%2Fcomments&post=2598"}],"version-history":[{"count":6,"href":"https:\/\/www.sakristanen-zh-sh.ch\/wordpress\/index.php?rest_route=\/wp\/v2\/tribe_events\/2598\/revisions"}],"predecessor-version":[{"id":2680,"href":"https:\/\/www.sakristanen-zh-sh.ch\/wordpress\/index.php?rest_route=\/wp\/v2\/tribe_events\/2598\/revisions\/2680"}],"wp:attachment":[{"href":"https:\/\/www.sakristanen-zh-sh.ch\/wordpress\/index.php?rest_route=%2Fwp%2Fv2%2Fmedia&parent=2598"}],"wp:term":[{"taxonomy":"post_tag","embeddable":true,"href":"https:\/\/www.sakristanen-zh-sh.ch\/wordpress\/index.php?rest_route=%2Fwp%2Fv2%2Ftags&post=2598"},{"taxonomy":"tribe_events_cat","embeddable":true,"href":"https:\/\/www.sakristanen-zh-sh.ch\/wordpress\/index.php?rest_route=%2Fwp%2Fv2%2Ftribe_events_cat&post=2598"}],"curies":[{"name":"wp","href":"https:\/\/api.w.org\/{rel}","templated":true}]}}

<p><b>76. Generalversammlung </b><b>der Sakristanenvereinigung Zürich &amp; Schaffhausen</b></p>
<p><strong>Wichtig:</strong> Die 76. Generalversammlung der Sakristanenvereinigung Zürich &amp; Schaffhausen wird aufgrund der immer noch aktiven Beschränkungen rund um Covid-19 in schriftlicher Form durchgeführt.</p>
<p><strong>Briefversand mit allen Unterlagen: </strong>21. Februar 2022</p>
<p><strong>Stichtag Abstimmung (Poststempel):</strong> 11. März 2022</p>
<p>&nbsp;</p>

<p>76. Generalversammlung der Sakristanenvereinigung Zürich &amp; Schaffhausen Wichtig: Die 76. Generalversammlung der Sakristanenvereinigung Zürich &amp; Schaffhausen wird aufgrund der immer noch aktiven Beschränkungen rund um Covid-19 in schriftlicher Form durchgeführt. &hellip; <a href="https://www.sakristanen-zh-sh.ch/wordpress/?tribe_events=gv-2022" class="more-link"><span class="screen-reader-text">Generalversammlung 2022</span> weiterlesen <span class="meta-nav">&rarr;</span></a></p>
