{"id":2681,"date":"2022-02-12T12:45:45","date_gmt":"2022-02-12T11:45:45","guid":{"rendered":"http:\/\/www.sakristanen-zh-sh.ch\/wordpress\/?post_type=tribe_events&#038;p=2681"},"modified":"2022-02-12T12:46:16","modified_gmt":"2022-02-12T11:46:16","slug":"praesides-und-praesidentenkonferenz-2022","status":"publish","type":"tribe_events","link":"https:\/\/www.sakristanen-zh-sh.ch\/wordpress\/?tribe_events=praesides-und-praesidentenkonferenz-2022","title":{"rendered":"Pr\u00e4sides und Pr\u00e4sidentenkonferenz 2022"},"content":{"rendered":"<p>Pr\u00e4sides und Pr\u00e4sidentenkonferenz, ausnahmsweise in Einsiedeln (statt Luzern), organisiert vom Schweizerischen Sakristanenverband<\/p>\n","protected":false},"excerpt":{"rendered":"<p>Pr\u00e4sides und Pr\u00e4sidentenkonferenz, ausnahmsweise in Einsiedeln (statt Luzern), organisiert vom Schweizerischen Sakristanenverband<\/p>\n","protected":false},"author":1,"featured_media":0,"comment_status":"closed","ping_status":"closed","template":"","meta":{"_tribe_events_status":"","_tribe_events_status_reason":"","footnotes":""},"tags":[],"tribe_events_cat":[],"class_list":["post-2681","tribe_events","type-tribe_events","status-publish","hentry"],"_links":{"self":[{"href":"https:\/\/www.sakristanen-zh-sh.ch\/wordpress\/index.php?rest_route=\/wp\/v2\/tribe_events\/2681","targetHints":{"allow":["GET"]}}],"collection":[{"href":"https:\/\/www.sakristanen-zh-sh.ch\/wordpress\/index.php?rest_route=\/wp\/v2\/tribe_events"}],"about":[{"href":"https:\/\/www.sakristanen-zh-sh.ch\/wordpress\/index.php?rest_route=\/wp\/v2\/types\/tribe_events"}],"author":[{"embeddable":true,"href":"https:\/\/www.sakristanen-zh-sh.ch\/wordpress\/index.php?rest_route=\/wp\/v2\/users\/1"}],"replies":[{"embeddable":true,"href":"https:\/\/www.sakristanen-zh-sh.ch\/wordpress\/index.php?rest_route=%2Fwp%2Fv2%2Fcomments&post=2681"}],"version-history":[{"count":1,"href":"https:\/\/www.sakristanen-zh-sh.ch\/wordpress\/index.php?rest_route=\/wp\/v2\/tribe_events\/2681\/revisions"}],"predecessor-version":[{"id":2682,"href":"https:\/\/www.sakristanen-zh-sh.ch\/wordpress\/index.php?rest_route=\/wp\/v2\/tribe_events\/2681\/revisions\/2682"}],"wp:attachment":[{"href":"https:\/\/www.sakristanen-zh-sh.ch\/wordpress\/index.php?rest_route=%2Fwp%2Fv2%2Fmedia&parent=2681"}],"wp:term":[{"taxonomy":"post_tag","embeddable":true,"href":"https:\/\/www.sakristanen-zh-sh.ch\/wordpress\/index.php?rest_route=%2Fwp%2Fv2%2Ftags&post=2681"},{"taxonomy":"tribe_events_cat","embeddable":true,"href":"https:\/\/www.sakristanen-zh-sh.ch\/wordpress\/index.php?rest_route=%2Fwp%2Fv2%2Ftribe_events_cat&post=2681"}],"curies":[{"name":"wp","href":"https:\/\/api.w.org\/{rel}","templated":true}]}}

Präsides und Präsidentenkonferenz 2022

<p>Präsides und Präsidentenkonferenz, ausnahmsweise in Einsiedeln (statt Luzern), organisiert vom Schweizerischen Sakristanenverband</p>
