{"id":2683,"date":"2022-02-12T12:47:09","date_gmt":"2022-02-12T11:47:09","guid":{"rendered":"http:\/\/www.sakristanen-zh-sh.ch\/wordpress\/?post_type=tribe_events&#038;p=2683"},"modified":"2022-02-12T13:02:39","modified_gmt":"2022-02-12T12:02:39","slug":"maiandacht-2022","status":"publish","type":"tribe_events","link":"https:\/\/www.sakristanen-zh-sh.ch\/wordpress\/?tribe_events=maiandacht-2022","title":{"rendered":"Maiandacht 2022"},"content":{"rendered":"<p>Der Vorstand m\u00f6chte euch alle ganz herzlich zur diesj\u00e4hrigen Maiandacht der Sakristanenvereinigung Z\u00fcrich &amp; Schaffhausen in St. Anton, Bauma einladen.<\/p>\n<p><strong>Wann:<\/strong><br \/>\nMittwoch, 18. Mai 2022<br \/>\n18:00 Uhr<\/p>\n<p><strong>Wo:<br \/>\n<\/strong>St. Anton<br \/>\nHeinrich Gujerstrasse 30<br \/>\n8494 Bauma<\/p>\n<p><strong>Treffpunkt:<\/strong> 17:45 Uhr, vor der Kirche<\/p>\n<p><strong>Beginn Adventsfeier:<\/strong> 18:00 Uhr<\/p>\n<p><strong>Anmeldeschluss Beisammensein:<\/strong>\u00a06. Mai 2022<\/p>\n<p>Anschliessend an die Maiandacht wechseln wir f\u00fcr unser gem\u00fctliches Beisammensein und einen kleinen Imbiss in den Pfarreisaal. Der Imbiss wird uns von der Pfarrei St. Anton offeriert.<\/p>\n","protected":false},"excerpt":{"rendered":"<p>Der Vorstand m\u00f6chte euch alle ganz herzlich zur diesj\u00e4hrigen Maiandacht der Sakristanenvereinigung Z\u00fcrich &amp; Schaffhausen in St. Anton, Bauma einladen. Wann: Mittwoch, 18. Mai 2022 18:00 Uhr Wo: St. Anton &hellip; <a href=\"https:\/\/www.sakristanen-zh-sh.ch\/wordpress\/?tribe_events=maiandacht-2022\" class=\"more-link\"><span class=\"screen-reader-text\">Maiandacht 2022<\/span> weiterlesen <span class=\"meta-nav\">&rarr;<\/span><\/a><\/p>\n","protected":false},"author":1,"featured_media":0,"comment_status":"closed","ping_status":"closed","template":"","meta":{"_tribe_events_status":"","_tribe_events_status_reason":"","footnotes":""},"tags":[],"tribe_events_cat":[],"class_list":["post-2683","tribe_events","type-tribe_events","status-publish","hentry"],"_links":{"self":[{"href":"https:\/\/www.sakristanen-zh-sh.ch\/wordpress\/index.php?rest_route=\/wp\/v2\/tribe_events\/2683","targetHints":{"allow":["GET"]}}],"collection":[{"href":"https:\/\/www.sakristanen-zh-sh.ch\/wordpress\/index.php?rest_route=\/wp\/v2\/tribe_events"}],"about":[{"href":"https:\/\/www.sakristanen-zh-sh.ch\/wordpress\/index.php?rest_route=\/wp\/v2\/types\/tribe_events"}],"author":[{"embeddable":true,"href":"https:\/\/www.sakristanen-zh-sh.ch\/wordpress\/index.php?rest_route=\/wp\/v2\/users\/1"}],"replies":[{"embeddable":true,"href":"https:\/\/www.sakristanen-zh-sh.ch\/wordpress\/index.php?rest_route=%2Fwp%2Fv2%2Fcomments&post=2683"}],"version-history":[{"count":4,"href":"https:\/\/www.sakristanen-zh-sh.ch\/wordpress\/index.php?rest_route=\/wp\/v2\/tribe_events\/2683\/revisions"}],"predecessor-version":[{"id":2708,"href":"https:\/\/www.sakristanen-zh-sh.ch\/wordpress\/index.php?rest_route=\/wp\/v2\/tribe_events\/2683\/revisions\/2708"}],"wp:attachment":[{"href":"https:\/\/www.sakristanen-zh-sh.ch\/wordpress\/index.php?rest_route=%2Fwp%2Fv2%2Fmedia&parent=2683"}],"wp:term":[{"taxonomy":"post_tag","embeddable":true,"href":"https:\/\/www.sakristanen-zh-sh.ch\/wordpress\/index.php?rest_route=%2Fwp%2Fv2%2Ftags&post=2683"},{"taxonomy":"tribe_events_cat","embeddable":true,"href":"https:\/\/www.sakristanen-zh-sh.ch\/wordpress\/index.php?rest_route=%2Fwp%2Fv2%2Ftribe_events_cat&post=2683"}],"curies":[{"name":"wp","href":"https:\/\/api.w.org\/{rel}","templated":true}]}}

<p>Der Vorstand möchte euch alle ganz herzlich zur diesjährigen Maiandacht der Sakristanenvereinigung Zürich &amp; Schaffhausen in St. Anton, Bauma einladen.</p>
<p><strong>Wann:</strong><br />
Mittwoch, 18. Mai 2022<br />
18:00 Uhr</p>
<p><strong>Wo:<br />
</strong>St. Anton<br />
Heinrich Gujerstrasse 30<br />
8494 Bauma</p>
<p><strong>Treffpunkt:</strong> 17:45 Uhr, vor der Kirche</p>
<p><strong>Beginn Adventsfeier:</strong> 18:00 Uhr</p>
<p><strong>Anmeldeschluss Beisammensein:</strong> 6. Mai 2022</p>
<p>Anschliessend an die Maiandacht wechseln wir für unser gemütliches Beisammensein und einen kleinen Imbiss in den Pfarreisaal. Der Imbiss wird uns von der Pfarrei St. Anton offeriert.</p>

<p>Der Vorstand möchte euch alle ganz herzlich zur diesjährigen Maiandacht der Sakristanenvereinigung Zürich &amp; Schaffhausen in St. Anton, Bauma einladen. Wann: Mittwoch, 18. Mai 2022 18:00 Uhr Wo: St. Anton &hellip; <a href="https://www.sakristanen-zh-sh.ch/wordpress/?tribe_events=maiandacht-2022" class="more-link"><span class="screen-reader-text">Maiandacht 2022</span> weiterlesen <span class="meta-nav">&rarr;</span></a></p>
