{"id":2685,"date":"2022-02-12T12:47:46","date_gmt":"2022-02-12T11:47:46","guid":{"rendered":"http:\/\/www.sakristanen-zh-sh.ch\/wordpress\/?post_type=tribe_events&#038;p=2685"},"modified":"2022-04-09T13:38:02","modified_gmt":"2022-04-09T12:38:02","slug":"wallfahrt-nach-einsiedeln","status":"publish","type":"tribe_events","link":"https:\/\/www.sakristanen-zh-sh.ch\/wordpress\/?tribe_events=wallfahrt-nach-einsiedeln","title":{"rendered":"Wallfahrt nach Einsiedeln"},"content":{"rendered":"<p>Wallfahrt nach Einsiedeln, organisiert vom Schweizerischen Sakristanenverband<\/p>\n<p>Abfahrt: 8:00 Uhr in Z\u00fcrich, Carparkplatz Sihlquai<\/p>\n<p>Ankunft Einsiedeln: ca. 9:00 Uhr<\/p>\n<p>Programm:<\/p>\n<p style=\"padding-left: 40px;\">9:30 Einzug von Bischof Dr. Joseph Maria Bonnemain, der Konzelebranten, des\u00a0Zentralvorstandes und der Kantonalpr\u00e4sidenten\u00a0Feierlicher Gottesdienst in Konzelebration mit Bischof Dr. Joseph Maria\u00a0Bonnemain, der auch die Festpredigt h\u00e4lt<br \/>\n12:00 Mittagessen im Dorfzentrum<br \/>\n14:30 Andacht mit eucharistischem Segen<br \/>\n16:30 Vesper der M\u00f6nche mit Salve Regina<\/p>\n<p>R\u00fcckreise: ca. 17:30 Uhr ab Einsideln<\/p>\n<p>Ankunft Z\u00fcrich: ca. 18:30 Uhr<\/p>\n<p>Reisekosten:<br \/>\nF\u00fcr das gemeinsame Mittagessen (inklusive ein Getr\u00e4nk) kommt die Zentralkasse auf. Die Kosten f\u00fcr den Car f\u00fcr die Hin- und R\u00fcckfahrt \u00fcbernimmt die Vereinskasse, die Wallfahrt ist also f\u00fcr alle Mitglieder der Sakristanenvereinigung Z\u00fcrich und Schaffhausen kostenlos.<\/p>\n<p>Anmeldeschluss: Freitag, 8. April 2022<\/p>\n","protected":false},"excerpt":{"rendered":"<p>Wallfahrt nach Einsiedeln, organisiert vom Schweizerischen Sakristanenverband Abfahrt: 8:00 Uhr in Z\u00fcrich, Carparkplatz Sihlquai Ankunft Einsiedeln: ca. 9:00 Uhr Programm: 9:30 Einzug von Bischof Dr. Joseph Maria Bonnemain, der Konzelebranten, &hellip; <a href=\"https:\/\/www.sakristanen-zh-sh.ch\/wordpress\/?tribe_events=wallfahrt-nach-einsiedeln\" class=\"more-link\"><span class=\"screen-reader-text\">Wallfahrt nach Einsiedeln<\/span> weiterlesen <span class=\"meta-nav\">&rarr;<\/span><\/a><\/p>\n","protected":false},"author":1,"featured_media":0,"comment_status":"closed","ping_status":"closed","template":"","meta":{"_tribe_events_status":"","_tribe_events_status_reason":"","footnotes":""},"tags":[],"tribe_events_cat":[],"class_list":["post-2685","tribe_events","type-tribe_events","status-publish","hentry"],"_links":{"self":[{"href":"https:\/\/www.sakristanen-zh-sh.ch\/wordpress\/index.php?rest_route=\/wp\/v2\/tribe_events\/2685","targetHints":{"allow":["GET"]}}],"collection":[{"href":"https:\/\/www.sakristanen-zh-sh.ch\/wordpress\/index.php?rest_route=\/wp\/v2\/tribe_events"}],"about":[{"href":"https:\/\/www.sakristanen-zh-sh.ch\/wordpress\/index.php?rest_route=\/wp\/v2\/types\/tribe_events"}],"author":[{"embeddable":true,"href":"https:\/\/www.sakristanen-zh-sh.ch\/wordpress\/index.php?rest_route=\/wp\/v2\/users\/1"}],"replies":[{"embeddable":true,"href":"https:\/\/www.sakristanen-zh-sh.ch\/wordpress\/index.php?rest_route=%2Fwp%2Fv2%2Fcomments&post=2685"}],"version-history":[{"count":3,"href":"https:\/\/www.sakristanen-zh-sh.ch\/wordpress\/index.php?rest_route=\/wp\/v2\/tribe_events\/2685\/revisions"}],"predecessor-version":[{"id":2723,"href":"https:\/\/www.sakristanen-zh-sh.ch\/wordpress\/index.php?rest_route=\/wp\/v2\/tribe_events\/2685\/revisions\/2723"}],"wp:attachment":[{"href":"https:\/\/www.sakristanen-zh-sh.ch\/wordpress\/index.php?rest_route=%2Fwp%2Fv2%2Fmedia&parent=2685"}],"wp:term":[{"taxonomy":"post_tag","embeddable":true,"href":"https:\/\/www.sakristanen-zh-sh.ch\/wordpress\/index.php?rest_route=%2Fwp%2Fv2%2Ftags&post=2685"},{"taxonomy":"tribe_events_cat","embeddable":true,"href":"https:\/\/www.sakristanen-zh-sh.ch\/wordpress\/index.php?rest_route=%2Fwp%2Fv2%2Ftribe_events_cat&post=2685"}],"curies":[{"name":"wp","href":"https:\/\/api.w.org\/{rel}","templated":true}]}}

<p>Wallfahrt nach Einsiedeln, organisiert vom Schweizerischen Sakristanenverband</p>
<p>Abfahrt: 8:00 Uhr in Zürich, Carparkplatz Sihlquai</p>
<p>Ankunft Einsiedeln: ca. 9:00 Uhr</p>
<p>Programm:</p>
<p style="padding-left: 40px;">9:30 Einzug von Bischof Dr. Joseph Maria Bonnemain, der Konzelebranten, des Zentralvorstandes und der Kantonalpräsidenten Feierlicher Gottesdienst in Konzelebration mit Bischof Dr. Joseph Maria Bonnemain, der auch die Festpredigt hält<br />
12:00 Mittagessen im Dorfzentrum<br />
14:30 Andacht mit eucharistischem Segen<br />
16:30 Vesper der Mönche mit Salve Regina</p>
<p>Rückreise: ca. 17:30 Uhr ab Einsideln</p>
<p>Ankunft Zürich: ca. 18:30 Uhr</p>
<p>Reisekosten:<br />
Für das gemeinsame Mittagessen (inklusive ein Getränk) kommt die Zentralkasse auf. Die Kosten für den Car für die Hin- und Rückfahrt übernimmt die Vereinskasse, die Wallfahrt ist also für alle Mitglieder der Sakristanenvereinigung Zürich und Schaffhausen kostenlos.</p>
<p>Anmeldeschluss: Freitag, 8. April 2022</p>

<p>Wallfahrt nach Einsiedeln, organisiert vom Schweizerischen Sakristanenverband Abfahrt: 8:00 Uhr in Zürich, Carparkplatz Sihlquai Ankunft Einsiedeln: ca. 9:00 Uhr Programm: 9:30 Einzug von Bischof Dr. Joseph Maria Bonnemain, der Konzelebranten, &hellip; <a href="https://www.sakristanen-zh-sh.ch/wordpress/?tribe_events=wallfahrt-nach-einsiedeln" class="more-link"><span class="screen-reader-text">Wallfahrt nach Einsiedeln</span> weiterlesen <span class="meta-nav">&rarr;</span></a></p>
